{"id":4551,"date":"2014-04-08T19:43:25","date_gmt":"2014-04-08T19:43:25","guid":{"rendered":"http:\/\/server294983.nazwa.pl\/oko-optyk\/?page_id=4551"},"modified":"2015-02-27T07:23:02","modified_gmt":"2015-02-27T07:23:02","slug":"okulary-czytania","status":"publish","type":"page","link":"https:\/\/oko-optyk.pl\/?page_id=4551","title":{"rendered":"Okulary do czytania"},"content":{"rendered":"<div style=\"background-color: #ffffff; background-image: url();\" class=\"main-row wpb_row vc_row-fluid  full-width   padding-bottom-0    \">\n\t<div class=\"vc_span12 wpb_column column_container\">\n\t\t<div class=\"wpb_wrapper\">\n\t\t\t\n\t<div class=\"wpb_single_image wpb_content_element vc_align_center\">\n\t\t<div class=\"wpb_wrapper\">\n\t\t\t\n\t\t\t<img src=\"https:\/\/oko-optyk.pl\/wp-content\/uploads\/2014\/04\/oko-sidebar-3.jpg\" width=\"434\" height=\"300\" alt=\"optyk krak\u00f3w\" \/>\n\t\t<\/div> \n\t<\/div> \n\t\t<\/div> \n\t<\/div> \n<\/div><div style=\"background-color: ; background-image: url();\" class=\"main-row wpb_row vc_row-fluid        \">\n\t<div class=\"vc_span12 wpb_column column_container\">\n\t\t<div class=\"wpb_wrapper\">\n\t\t\t\n\t<div class=\"wpb_text_column wpb_content_element \">\n\t\t<div class=\"wpb_wrapper\">\n\t\t\t<div>\n<h2>Okulary do czytania \u2013 oddaj si\u0119 przyjemno\u015bci czytania!<\/h2>\n<p>Przy wyborze okular\u00f3w do czytania nale\u017cy pami\u0119ta\u0107 o:<\/p>\n<ul>\n<li>Najwygodniejsze okulary s\u0105 z du\u017cymi i wyci\u0105gni\u0119tymi ku do\u0142owi soczewkami.<\/li>\n<li>Okulary do czytania nie nadaj\u0105 si\u0119 do pracy przy komputerze.<\/li>\n<li>W przeciwie\u0144stwie do okular\u00f3w kupionych w drogeriach lub supermarketach, Oko-optyk oferuje Ci okulary do czytania ze szk\u0142ami, doskonale przystosowanymi do Twoich potrzeb. Dzi\u0119ki l\u017cejszym i cie\u0144szym soczewkom czytanie b\u0119dzie dla Ciebie przyjemno\u015bci\u0105!<\/li>\n<\/ul>\n<\/div>\n\n\t\t<\/div> \n\t<\/div> \n\t\t<\/div> \n\t<\/div> \n<\/div>\n","protected":false},"excerpt":{"rendered":"Okulary do czytania \u2013 oddaj si\u0119 przyjemno\u015bci czytania! Przy wyborze okular\u00f3w do czytania nale\u017cy pami\u0119ta\u0107 o: Najwygodniejsze okulary s\u0105 z du\u017cymi i wyci\u0105gni\u0119tymi ku do\u0142owi soczewkami. Okulary do czytania nie nadaj\u0105 si\u0119 do pracy przy komputerze. W przeciwie\u0144stwie do okular\u00f3w kupionych w drogeriach lub supermarketach, Oko-optyk oferuje Ci okulary do czytania ze szk\u0142ami, doskonale przystosowanymi do Twoich potrzeb. Dzi\u0119ki l\u017cejszym i cie\u0144szym soczewkom czytanie b\u0119dzie dla Ciebie przyjemno\u015bci\u0105!","protected":false},"author":2,"featured_media":0,"parent":4478,"menu_order":0,"comment_status":"open","ping_status":"open","template":"","meta":[],"_links":{"self":[{"href":"https:\/\/oko-optyk.pl\/index.php?rest_route=\/wp\/v2\/pages\/4551"}],"collection":[{"href":"https:\/\/oko-optyk.pl\/index.php?rest_route=\/wp\/v2\/pages"}],"about":[{"href":"https:\/\/oko-optyk.pl\/index.php?rest_route=\/wp\/v2\/types\/page"}],"author":[{"embeddable":true,"href":"https:\/\/oko-optyk.pl\/index.php?rest_route=\/wp\/v2\/users\/2"}],"replies":[{"embeddable":true,"href":"https:\/\/oko-optyk.pl\/index.php?rest_route=%2Fwp%2Fv2%2Fcomments&post=4551"}],"version-history":[{"count":8,"href":"https:\/\/oko-optyk.pl\/index.php?rest_route=\/wp\/v2\/pages\/4551\/revisions"}],"predecessor-version":[{"id":4602,"href":"https:\/\/oko-optyk.pl\/index.php?rest_route=\/wp\/v2\/pages\/4551\/revisions\/4602"}],"up":[{"embeddable":true,"href":"https:\/\/oko-optyk.pl\/index.php?rest_route=\/wp\/v2\/pages\/4478"}],"wp:attachment":[{"href":"https:\/\/oko-optyk.pl\/index.php?rest_route=%2Fwp%2Fv2%2Fmedia&parent=4551"}],"curies":[{"name":"wp","href":"https:\/\/api.w.org\/{rel}","templated":true}]}}