{"id":4712,"date":"2015-10-27T07:06:36","date_gmt":"2015-10-27T07:06:36","guid":{"rendered":"http:\/\/server294983.nazwa.pl\/oko-optyk\/?page_id=4712"},"modified":"2015-11-03T11:24:05","modified_gmt":"2015-11-03T11:24:05","slug":"badanie-wzroku","status":"publish","type":"page","link":"https:\/\/oko-optyk.pl\/?page_id=4712","title":{"rendered":"Badanie Wzroku"},"content":{"rendered":"<h2 class=\"post_corner post_top_left\">Profesjonalne Badanie Wzroku<\/h2>\n<div class=\"post_center post_content\">\n<div id=\"post-38\" class=\"post-38 page type-page status-publish hentry entry\">\n<div class=\"head_post pages_titleoff\"><\/div>\n<div class=\"entry_post\">\n<p>&nbsp;<\/p>\n<p>Badanie wzroku na ul. Przemyskiej 4<br \/>\npon-pt 10.00-18.00<\/p>\n<p>&nbsp;<\/p>\n<p>Gabinet wyposa\u017cony jest w:<\/p>\n<ul>\n<li>auto reflektometr firmy \u00a0\u201dTopCorn\u201d<\/li>\n<li>kaset\u0119 okulistyczn\u0105<\/li>\n<li>elektroniczny dioptromierz (pomiar soczewek)<\/li>\n<\/ul>\n<\/div>\n<\/div>\n<p>&nbsp;<\/p>\n<div id=\"post-38\" class=\"post-38 page type-page status-publish hentry entry\">\n<p>&nbsp;<\/p>\n<div class=\"entry_post\">\n<div id=\"gallery-2\" class=\"gallery galleryid-38 gallery-columns-3 gallery-size-thumbnail\">\n<p><a href=\"http:\/\/server294983.nazwa.pl\/oko-optyk\/wp-content\/uploads\/2015\/10\/topcon-auto-refractometer.jpg\"><img loading=\"lazy\" class=\"alignnone size-medium wp-image-4725\" src=\"http:\/\/server294983.nazwa.pl\/oko-optyk\/wp-content\/uploads\/2015\/10\/topcon-auto-refractometer-300x225.jpg\" alt=\"topcon-auto-refractometer\" width=\"300\" height=\"225\" srcset=\"https:\/\/oko-optyk.pl\/wp-content\/uploads\/2015\/10\/topcon-auto-refractometer-300x225.jpg 300w, https:\/\/oko-optyk.pl\/wp-content\/uploads\/2015\/10\/topcon-auto-refractometer.jpg 360w\" sizes=\"(max-width: 300px) 100vw, 300px\" \/><\/a><a href=\"http:\/\/server294983.nazwa.pl\/oko-optyk\/wp-content\/uploads\/2015\/10\/kaseta-okulistyczna.jpg\"><img loading=\"lazy\" class=\" wp-image-4721\" src=\"http:\/\/server294983.nazwa.pl\/oko-optyk\/wp-content\/uploads\/2015\/10\/kaseta-okulistyczna-300x225.jpg\" alt=\"OLYMPUS DIGITAL CAMERA\" width=\"267\" height=\"200\" srcset=\"https:\/\/oko-optyk.pl\/wp-content\/uploads\/2015\/10\/kaseta-okulistyczna-300x225.jpg 300w, https:\/\/oko-optyk.pl\/wp-content\/uploads\/2015\/10\/kaseta-okulistyczna.jpg 400w\" sizes=\"(max-width: 267px) 100vw, 267px\" \/><\/a><a href=\"http:\/\/server294983.nazwa.pl\/oko-optyk\/wp-content\/uploads\/2015\/10\/oprawa-okulistyczna.jpg\"><img loading=\"lazy\" class=\"wp-image-4720 alignleft\" src=\"http:\/\/server294983.nazwa.pl\/oko-optyk\/wp-content\/uploads\/2015\/10\/oprawa-okulistyczna.jpg\" alt=\"oprawa-okulistyczna\" width=\"192\" height=\"192\" srcset=\"https:\/\/oko-optyk.pl\/wp-content\/uploads\/2015\/10\/oprawa-okulistyczna.jpg 300w, https:\/\/oko-optyk.pl\/wp-content\/uploads\/2015\/10\/oprawa-okulistyczna-150x150.jpg 150w\" sizes=\"(max-width: 192px) 100vw, 192px\" \/><\/a><\/p>\n<p>&nbsp;<\/p>\n<p>&nbsp;<\/p>\n<h2><strong>Nawet gdy \u015bwietnie widzisz, warto od czasu do czasu uda\u0107 si\u0119 do okulisty i zrobi\u0107 badania kontrolne wzroku. Jakie badania mo\u017cesz wykona\u0107 w nowoczesnym gabinecie okulistycznym?<\/strong><\/h2>\n<div>\n<div id=\"relative\"><\/div>\n<div class=\"intextAd\">\n<div class=\"text_article dp_autolink\">\n<p>Rodzaj <strong>badania wzroku<\/strong> jest zawsze uzale\u017cniony od przyczyny, kt\u00f3ra sk\u0142oni\u0142a nas do odwiedzenia okulisty. Je\u017celi z up\u0142ywem lat \u201emamy zbyt kr\u00f3tkie r\u0119ce\u201d, aby przeczyta\u0107 drobny druk, wystarczy nieskomplikowane <strong>badanie wzroku<\/strong>. Inaczej jest wtedy, gdy oczy zaczynaj\u0105 chorowa\u0107 lub na ich kondycj\u0119 wp\u0142ywaj\u0105 schorzenia og\u00f3lnoustrojowe, np. cukrzyca czy mia\u017cd\u017cyca.<\/p>\n<h2>Podstawowe badania wzroku<\/h2>\n<ul>\n<li><strong>Komputerowe badanie wzroku<\/strong> polega na ocenie krzywizny rog\u00f3wki i wady wzroku. Badanie pozwala oceni\u0107 sprawno\u015b\u0107 oka jako aparatu optycznego i ustali\u0107, jak\u0105 ma wad\u0119. Ale trzeba pami\u0119ta\u0107, \u017ce takie badanie nie zawsze pozwala dobra\u0107 w\u0142a\u015bciwe okulary. Dzieje si\u0119 tak z kilku powod\u00f3w. Przede wszystkim ludzie m\u0142odzi maj\u0105 silne mi\u0119\u015bnie oczu, kt\u00f3re dostosowuj\u0105 moc oka do odleg\u0142o\u015bci, na jak\u0105 chc\u0105 patrze\u0107. Komputerowe badanie wzroku przeprowadza si\u0119 bez wy\u0142\u0105czenia tych mi\u0119\u015bni, co wp\u0142ywa na nieprecyzyjn\u0105 ocen\u0119 wady wzroku. Poza tym moc szkie\u0142 musi by\u0107 dobrana do oczekiwa\u0144 pacjenta. Oznacza to, \u017ce osoba, kt\u00f3ra widzia\u0142a \u015bwiat nieco niewyra\u017anie, nie b\u0119dzie nosi\u0107 okular\u00f3w podkre\u015blaj\u0105cych wszelkie niuanse.<\/li>\n<\/ul>\n<\/div>\n<\/div>\n<div>\n<div class=\"text_article dp_autolink\">\n<ul>\n<li><strong>Badanie ci\u015bnienia wewn\u0105trz oka<\/strong> wykonuje si\u0119 u\u017cywaj\u0105c tonometru. Okuli\u015bci najcz\u0119\u015bciej korzystaj\u0105 z automatycznych urz\u0105dze\u0144, kt\u00f3re same wyrzucaj\u0105 porcj\u0119 powietrza. Powietrze uderza w rog\u00f3wk\u0119 i odkszta\u0142ca j\u0105. Im wy\u017csze ci\u015bnienie wewn\u0105trz oka, tym trudniej odkszta\u0142ci\u0107 rog\u00f3wk\u0119. Innym urz\u0105dzeniem s\u0142u\u017c\u0105cym do mierzenia ci\u015bnienia wewn\u0105trz oka jest tonometr aplanacyjny wyposa\u017cony w specjalny pryzmat, kt\u00f3ry zbli\u017ca si\u0119 do oka (jest ono znieczulone) i przeprowadza pomiar ci\u015bnienia. Badanie daje odpowied\u017a, czy mie\u015bcimy si\u0119 w normie (9-20 mmHG), czy te\u017c nie. Wysokie ci\u015bnienie w oku nie musi \u015bwiadczy\u0107 o rozwoju jaskry, ale np. o nadci\u015bnieniu ocznym.<\/li>\n<\/ul>\n<\/div>\n<div class=\"text_article dp_autolink\">\n<ul>\n<li><strong>Ostro\u015b\u0107 wzroku<\/strong> powinna by\u0107 zbadana podczas ka\u017cdej wizyty u okulisty. <a class=\"autolink\" title=\"http:\/\/dlapacjentow.poradnikzdrowie.pl\" href=\"http:\/\/dlapacjentow.poradnikzdrowie.pl\" target=\"_blank\">Pacjent<\/a> musi z tablicy odczyta\u0107 litery, rozpozna\u0107 kszta\u0142ty. Zak\u0142ada si\u0119, \u017ce je\u015bli kto\u015b przeczyta 10 rz\u0119d\u00f3w na 10 widocznych na tablicy, ma pe\u0142n\u0105 ostro\u015b\u0107 widzenia. Po ocenie widzenia do dali ocenia si\u0119 ostro\u015b\u0107 widzenia do bli\u017cy, czyli zdolno\u015b\u0107 czytania drobnego druku. Zwykle po 40. roku \u017cycia wi\u0119kszo\u015b\u0107 potrzebuje okular\u00f3w do czytania (sama wada nazywana jest starczowzroczno\u015bci\u0105 lub prezbiopi\u0105). Mi\u0119dzy 40. a 65. rokiem \u017cycia zmieniamy okulary \u015brednio co 3\u20135 lat, poniewa\u017c wada wzroku si\u0119 pog\u0142\u0119bia. Wi\u0119kszo\u015b\u0107 ludzi ok. 65. roku \u017cycia do czytania u\u017cywa okular\u00f3w + 3,5\u20134 dioptrie.<\/li>\n<li><strong>Badanie ca\u0142ego oka<\/strong> przeprowadza si\u0119, wykorzystuj\u0105c lamp\u0119 szczelinow\u0105 (biomikroskop). Urz\u0105dzenie pozwala obejrze\u0107 ca\u0142e oko. Najpierw ocenia si\u0119 stan przedniej cz\u0119\u015bci oka, czyli fragment od rog\u00f3wki do soczewki. Je\u017celi lekarz chce zbada\u0107 tak\u017ce dno oka, uzbraja lamp\u0119 szczelinow\u0105 w dodatkow\u0105 soczewk\u0119 i dzi\u0119ki temu mo\u017ce oceni\u0107 stan siatk\u00f3wki. Aby badanie by\u0142o prawid\u0142owo przeprowadzone, lekarz musi rozszerzy\u0107 \u017arenic\u0119, aby oceni\u0107 zmiany w ca\u0142ej siatk\u00f3wce \u2013 od jej pocz\u0105tku (niewidocznego bez rozszerzenia \u017arenicy) a\u017c do ko\u0144ca, czyli nerwu wzrokowego. Nerw wzrokowy utworzony jest bowiem z w\u0142\u00f3kien nerwowych siatk\u00f3wki. Badaj\u0105c dno oka, mo\u017cna te\u017c rozpozna\u0107 wiele chor\u00f3b uk\u0142adowych, do kt\u00f3rych zalicza si\u0119 np. cukrzyc\u0119 i mia\u017cd\u017cyc\u0119. Upraszczaj\u0105c, mo\u017cna powiedzie\u0107, \u017ce takie zmiany, jakie na dnie oka zaobserwuje okulista, s\u0105 tak\u017ce w innych narz\u0105dach.<\/li>\n<\/ul>\n<\/div>\n<div class=\"text_article dp_autolink\">\n<h2>Dodatkowe badania wzroku &#8211; wykonasz w wsp\u00f3\u0142pracuj\u0105cej z nami klinice <a href=\"http:\/\/www.oko-laser.pl\/\">OKO-LASER<\/a><\/h2>\n<p>Je\u017celi po wykonaniu bada\u0144 podstawowych lekarz nie mo\u017ce postawi\u0107 diagnozy, wykonuje kolejne. Dzieje si\u0119 tak r\u00f3wnie\u017c wtedy, gdy cz\u0142onkowie rodziny pacjenta chorowali na jaskr\u0119 lub on sam ma wysokie ci\u015bnienie wewn\u0105trz oka, zmiany w nerwie wzrokowym lub inne niepokoj\u0105ce objawy.<\/p>\n<ul>\n<li><strong>Badanie pola widzenia<\/strong> okre\u015bla czu\u0142o\u015b\u0107 nerwu wzrokowego. Polega na patrzeniu na bod\u017ace \u015bwietlne o zmieniaj\u0105cym si\u0119 nat\u0119\u017ceniu. Przy s\u0142abym nerwie wzrokowym pacjent b\u0119dzie dostrzega\u0142 tylko silne \u015bwiat\u0142o, a s\u0142abszego nie. Wyniki odnosi si\u0119 do ustalonych norm wiekowych. Zmniejszona czu\u0142o\u015b\u0107 nerwu wzrokowego oznacza chorob\u0119. Ograniczenie pola widzenia mo\u017ce te\u017c sugerowa\u0107 schorzenia m\u00f3zgu, np. guza przysadki m\u00f3zgowej.<\/li>\n<li><strong>Badania obrazowe oka<\/strong> (HRT, GDX, OTC ) to bardzo nowoczesna technika badania poszczeg\u00f3lnych przekroj\u00f3w tkanek oka, np. siatk\u00f3wki, tarczy nerwu wzrokowego, rog\u00f3wki. Badanie wykonuje si\u0119 przy podejrzeniu jaskry, zwyrodnienia plamki (AMD), cukrzycowych zmian w siatk\u00f3wce czy nowotworu. Jest niezwykle precyzyjne i pozwala wykry\u0107 nawet najmniejsze nieprawid\u0142owo\u015bci w budowie oka.<\/li>\n<li><strong>USG oka<\/strong> nazywane USG A (A od amplituda) pozwala zobaczy\u0107, co dzieje si\u0119 za okiem, czyli w oczodole. Badanie wykonuje si\u0119 r\u00f3wnie\u017c wtedy, gdy do diagnozowania pacjenta nie da si\u0119 wykorzysta\u0107 lampy szczelinowej. A tak dzieje si\u0119 np., je\u015bli pacjentowi nie mo\u017cna zajrze\u0107 do \u015brodka oka z powodu za\u0107my czy te\u017c bielma rog\u00f3wki. USG pokazuje zmiany w siatk\u00f3wce takie jak odwarstwienie czy przedarcie siatk\u00f3wki, guzy oka, wylewy, zmiany w nerwie wzrokowym o charakterze jaskrowym. USG A wykonuje si\u0119 tak\u017ce po to, aby dobra\u0107 pacjentowi odpowiedni\u0105 soczewk\u0119, kt\u00f3r\u0105 trzeba wymieni\u0107, np. z powodu za\u0107my. Zapis USG A przypomina nieco zapis EKG, gdzie ka\u017cde wychylenie linii zapisu ma swoje znaczenie i oznacza np. rodzaj tkanki, jej konsystencj\u0119 czy te\u017c unaczynienie.<\/li>\n<li><strong>Ultraszerokok\u0105tne badanie dna oka<\/strong> to najnowocze\u015bniejszy spos\u00f3b badania, jaki stosuje si\u0119 w okulistyce. Dotychczasowe urz\u0105dzenia pozwala\u0142y zrobi\u0107 zdj\u0119cie niewielkiego obszaru siatk\u00f3wki w zakresie ok. 50 stopni. Od tego roku sta\u0142o si\u0119 mo\u017cliwe sfotografowanie obszaru 200 stopni siatk\u00f3wki. Dzi\u0119ki nowej technologii lekarz mo\u017ce podczas jednego badania obejrze\u0107 oko od pocz\u0105tku siatk\u00f3wki a\u017c do nerwu wzrokowego.<\/li>\n<\/ul>\n<p>Uwaga, nowo\u015b\u0107! W gabinetach okulistycznych b\u0119dzie niebawem dost\u0119pne <strong>urz\u0105dzenie do badania sk\u0142adu \u0142ez<\/strong>. Aparatura pozwoli o wiele skuteczniej pomaga\u0107 osobom cierpi\u0105cym na zesp\u00f3\u0142 suchego oka.<\/p>\n<\/div>\n<p>http:\/\/www.poradnikzdrowie.pl\/sprawdz-sie\/badania\/nowoczesne-metody-badania-wzroku_40095.html<\/p>\n<\/div>\n<\/div>\n<\/div>\n<\/div>\n<\/div>\n<\/div>\n","protected":false},"excerpt":{"rendered":"<p>Profesjonalne Badanie Wzroku &nbsp; Badanie wzroku na ul. Przemyskiej 4 pon-pt 10.00-18.00 &nbsp; Gabinet wyposa\u017cony jest w: auto reflektometr firmy \u00a0\u201dTopCorn\u201d kaset\u0119 okulistyczn\u0105 elektroniczny dioptromierz (pomiar soczewek) &nbsp; &nbsp; &nbsp; &nbsp; Nawet gdy \u015bwietnie widzisz, warto od czasu do czasu uda\u0107 si\u0119 do okulisty i zrobi\u0107 badania kontrolne wzroku. Jakie badania mo\u017cesz wykona\u0107 w nowoczesnym gabinecie okulistycznym? Rodzaj badania wzroku jest zawsze uzale\u017cniony od przyczyny, kt\u00f3ra sk\u0142oni\u0142a nas do odwiedzenia okulisty. Je\u017celi z up\u0142ywem lat \u201emamy zbyt kr\u00f3tkie r\u0119ce\u201d, aby przeczyta\u0107 drobny druk, wystarczy nieskomplikowane badanie wzroku. Inaczej jest wtedy, gdy oczy zaczynaj\u0105 chorowa\u0107 lub na ich kondycj\u0119 wp\u0142ywaj\u0105 schorzenia og\u00f3lnoustrojowe, np. cukrzyca czy mia\u017cd\u017cyca. Podstawowe badania wzroku Komputerowe badanie wzroku polega na ocenie krzywizny rog\u00f3wki i wady wzroku. Badanie pozwala oceni\u0107 sprawno\u015b\u0107 oka jako aparatu optycznego i ustali\u0107, jak\u0105 ma wad\u0119. Ale trzeba pami\u0119ta\u0107, \u017ce takie badanie nie zawsze pozwala dobra\u0107 w\u0142a\u015bciwe okulary. Dzieje si\u0119 tak z kilku powod\u00f3w.<\/p>\n<p><a class=\"read-more\" href=\"https:\/\/oko-optyk.pl\/?page_id=4712\">Read more<\/a><\/p>\n","protected":false},"author":3,"featured_media":0,"parent":0,"menu_order":0,"comment_status":"closed","ping_status":"closed","template":"","meta":[],"_links":{"self":[{"href":"https:\/\/oko-optyk.pl\/index.php?rest_route=\/wp\/v2\/pages\/4712"}],"collection":[{"href":"https:\/\/oko-optyk.pl\/index.php?rest_route=\/wp\/v2\/pages"}],"about":[{"href":"https:\/\/oko-optyk.pl\/index.php?rest_route=\/wp\/v2\/types\/page"}],"author":[{"embeddable":true,"href":"https:\/\/oko-optyk.pl\/index.php?rest_route=\/wp\/v2\/users\/3"}],"replies":[{"embeddable":true,"href":"https:\/\/oko-optyk.pl\/index.php?rest_route=%2Fwp%2Fv2%2Fcomments&post=4712"}],"version-history":[{"count":9,"href":"https:\/\/oko-optyk.pl\/index.php?rest_route=\/wp\/v2\/pages\/4712\/revisions"}],"predecessor-version":[{"id":4728,"href":"https:\/\/oko-optyk.pl\/index.php?rest_route=\/wp\/v2\/pages\/4712\/revisions\/4728"}],"wp:attachment":[{"href":"https:\/\/oko-optyk.pl\/index.php?rest_route=%2Fwp%2Fv2%2Fmedia&parent=4712"}],"curies":[{"name":"wp","href":"https:\/\/api.w.org\/{rel}","templated":true}]}}